*3 - 20*f**2 + 3*f + 13. What is the remainder when 85 is divided by j(10)?
42
Let f = 462 + -403. Let u(s) = s + 6. Let d be u(-8). Calculate the remainder when f is divided by 1/4*d*-30.
14
Suppose 5*y + 2*u + 21 = 0, -4*y - 9 - 5 = 3*u. Let c(n) = -5*n - 18. Calculate the remainder when 54 is divided by c(y).
5
Suppose 113 = -3*p - w, -5*p + 5 = 5*w + 190. Let k = p - -60. What is the remainder when 85 is divided by k?
19
Let s = 95 + -78. Let t(c) = 83*c - 1. Calculate the remainder when t(1) is divided by s.
14
Let x(a) be the second derivative of -2*a**3/3 - 13*a**2 - 20*a. What is the remainder when x(-15) is divided by 12?
10
Let w = -16 + 18. Let t(l) = 11*l + 1. Let y(z) = -11*z - 1. Let a(g) = -2*t(g) - 3*y(g). What is the remainder when a(w) is divided by 6?
5
Suppose -4*i = -5*i + 66. Let f = 120 - i. What is the remainder when f is divided by 11?
10
Let h(o) = 5*o + 3. Let n(l) = -2*l**2 - 26*l - 15. Let c be n(-12). Suppose 3*a + 3*v - 9 = c, 5*a = v + 36. What is the remainder when h(3) is divided by a?
4
Let i(l) be the second derivative of 7*l**4/12 - l**3/6 + 5*l - 8. Let b = 4 + -3. Calculate the remainder when 39 is divided by i(b).
3
Suppose 0 = 35*v + 1520 - 7155. Let j(y) = 4*y**3 + y**2 + 4*y - 3. What is the remainder when v is divided by j(2)?
38
What is the remainder when 304 + (12 - 19 - 2*-1) is divided by 15?
14
Suppose 5*r - 42*r = -3182. What is the remainder when r is divided by 25?
11
Suppose 5*h - 8 = 5*r - 48, -h - 52 = -5*r. What is the remainder when 208 is divided by r?
10
Let u = -65 - -75. Calculate the remainder when 37 is divided by u.
7
Suppose -6174 = -43*f - 6*f. Calculate the remainder when f is divided by 16.
14
Let t be (-23 - 1)/(24/128). Let j = t + 135. What is the remainder when 31 is divided by j?
3
Let m = -33 - -76. Suppose 52*k - 9*k = 946. What is the remainder when m is divided by k?
21
Suppose 4*r - 2 + 5 = -3*j, -r - 5 = 5*j. Suppose 5*y + 25 = 0, m - 4*y - 29 = -r*m. Let u = 10 + 5. What is the remainder when u is divided by m?
6
Let n = -218 + 337. What is the remainder when n is divided by 21?
14
Let p = -592 + 607. Calculate the remainder when 29 is divided by p.
14
Suppose 7*p = 1245 - 447. What is the remainder when p is divided by 31?
21
Let r(j) = -j + 14. Let m be r(8). Let f(x) = 18*x - 15. Let p be f(m). Calculate the remainder when 0*(-3)/9 + p is divided by 24.
21
Suppose -5*z - 7 = -72. Suppose -18*d + 10 = -z*d. Suppose -5*h + 3 = -n - 29, 4*h - n = 25. What is the remainder when h is divided by d?
1
Let s(t) = -t + 2. Let m(u) = -3*u + 5. Let c(x) = -2*m(x) + 5*s(x). Let v be c(2). Suppose -v*r = -3*r + 23. Calculate the remainder when r is divided by 13.
10
Suppose -3*f + 4*d + 34 = 0, -f + d - 2 = -2*f. Let j = f + 38. Calculate the remainder when j is divided by 15.
14
Calculate the remainder when 40 is divided by (0 + 37 + -3)/2.
6
Suppose -3*v = -82 - 38. Suppose v = 3*h + h. What is the remainder when 19 is divided by h?
9
Let o(y) = 26*y - 126. What is the remainder when 33 is divided by o(5)?
1
Let z(b) = -b**3 + 6*b**2 + 2*b - 7. Let a be z(6). Suppose a*c = -5*o + 85, 45 = 3*o - 2*c + 7*c. What is the remainder when o is divided by 7?
6
Suppose 118 = w + w. Suppose -2*v = 4*k - 98, -16*k + 18*k - v - 35 = 0. Calculate the remainder when w is divided by k.
17
Let i = 56 + -20. What is the remainder when i is divided by 16?
4
What is the remainder when (-1)/4 + (-15178)/(-8) is divided by 95?
92
Suppose 0 = -3*v + 2 + 4. Suppose 0 = -2*g + 20 - v. Suppose -g*r + 12*r = 24. What is the remainder when 29 is divided by r?
5
Suppose s - 5*b = 4*s - 77, -23 = -s + b. Suppose 0*d + 15 = 3*d. What is the remainder when s is divided by d?
4
Let h(y) = 4*y**2 + 61*y - 13. What is the remainder when 78 is divided by h(-16)?
8
Let o(v) = -v**3 - 2*v**2 + 7*v + 8. Suppose -50 = -3*g + 121. Calculate the remainder when g is divided by o(-4).
9
Let x(q) be the second derivative of -13*q**3/6 - 2*q**2 + 4*q. Let p = -4 - -68. What is the remainder when p is divided by x(-2)?
20
Let m(u) be the third derivative of 5*u**4/12 + u**3/6 + 13*u**2. Calculate the remainder when 40 is divided by m(2).
19
Suppose -6*z - 134 = -4*z. Let k = z + 96. What is the remainder when k is divided by 17?
12
Let x(p) = p**3 - 5*p**2 - 15*p. Calculate the remainder when x(8) is divided by 10.
2
Let l(c) = -3*c + 2. Let y(k) = 7*k - 3. Let r(s) = 5*l(s) + 3*y(s). Suppose -t + 0 + 1 = 0. Calculate the remainder when 18 is divided by r(t).
4
Calculate the remainder when 41 is divided by (-112)/70*15/(-2).
5
Calculate the remainder when 60 is divided by -2*(36 - -4)/(-5).
12
Let m = -29 - -23. Let w be ((-8)/m)/((-38)/57). Calculate the remainder when (10/(-5))/w*25 is divided by 7.
4
Let y = 1642 - 1637. What is the remainder when 87 is divided by y?
2
Suppose 8 = -4*x, 4*t + 5*x = 23 + 127. What is the remainder when t is divided by 40?
0
Let c(q) = -q**3 + 25*q**2 + 82*q + 37. Let k be c(28). Let z = -27 + 9. Let a = z - k. Calculate the remainder when 2 is divided by a.
0
Let g(b) = 18*b**2 + 2*b + 9. Let x be g(-3). Suppose 5*m - x = -0*m. What is the remainder when 96 is divided by m?
30
Suppose 5*u - 469 = -2*u. Let b = 113 - u. Calculate the remainder when b is divided by (-4)/2*-12 - 0.
22
Let p = 165 + 50. What is the remainder when p is divided by ((-4)/10)/(7 + (-3789)/540)?
23
Suppose 2*i = -6, 3*q - 17*i - 207 = -19*i. What is the remainder when q is divided by 26?
19
Suppose -269*u = -256*u - 169. What is the remainder when 99 is divided by u?
8
Suppose 92 = 8*u - 276. What is the remainder when u is divided by 13?
7
Let j = -1 - -18. Calculate the remainder when 43 is divided by j.
9
Let b(x) = -x**2 - 23*x - 86. Calculate the remainder when b(-9) is divided by 12.
4
Suppose -3*r - 5*x = -50, -5*r + 4*x + 48 = -97. Calculate the remainder when 197 is divided by r.
22
Let n(o) = o**3 + 6*o**2 + 4*o - 2. Let v be -5 + 6 - 10/2. Calculate the remainder when 40 is divided by n(v).
12
Let a = 1179 + -1131. Calculate the remainder when 281 is divided by a.
41
Suppose 2396 = -4*r + 2492. Calculate the remainder when (-3)/6*1*-76 is divided by r.
14
Let d be 12*(7/(-2) + 0). Let m = d - -82. Let c(b) = -4*b**2 + 13*b + 49. What is the remainder when m is divided by c(5)?
12
Let o(r) = r**2 - 6*r - 65. Calculate the remainder when 42 is divided by o(12).
0
Let d(l) = l**3 - 2*l**2 + 3*l - 1. Suppose -3*x - r + 18 = 0, -2*r = -r - 3. What is the remainder when 1*(-3 + 5) + x is divided by d(2)?
2
Let v(r) = -6*r - 4. Let o = 1 - 8. What is the remainder when 74 is divided by v(o)?
36
Suppose c = r - 5, -2*c = 5*r - 3*c - 13. Let a be 45/(1 + 6/(16 + -4)). Suppose 8 = r*s - a. What is the remainder when 92 is divided by s?
16
Suppose -3*m - 11 - 10 = 0. Let o = m - -27. What is the remainder when 77 is divided by o?
17
What is the remainder when 428 is divided by 7/(35/2) - 326/(-10)?
32
Let r = -121 + 243. Calculate the remainder when r is divided by 3 - 102/30 - (-471)/15.
29
Let s(z) = 3*z**2 - 14*z + 7. What is the remainder when 24 is divided by s(5)?
0
Let t(m) be the second derivative of m**4/6 + 3*m**3/2 + 9*m**2/2 - 2*m. Suppose -136*d - 180 = -154*d. What is the remainder when t(-6) is divided by d?
7
Suppose 2*a - 8 = -0*a. Suppose -a*q + 16 = -2*b, -22 = -2*q + q + 5*b. Suppose -29 = -11*h - 7. Calculate the remainder when h is divided by q.
0
Calculate the remainder when (14/28)/((-1)/(-120)) is divided by (-62)/2*2/(-2).
29
Let i(n) = 3*n**2 - 3*n - 2. Let t = 157 - 154. Calculate the remainder when i(t) is divided by 6.
4
Suppose 0 = -3*d - c + 2*c + 209, -203 = -3*d - 2*c. Let b = -3 + 21. What is the remainder when d is divided by b - 0/(9/3)?
15
Suppose -6 = h - 16. Let d(t) = 51*t - 4. What is the remainder when d(1) is divided by h?
7
Let g(r) = -r**3 + 6*r**2 + 7*r - 6. Let n be g(5). Suppose -n + 22 = -4*i. Let h(k) = 5*k + 6. Calculate the remainder when h(3) is divided by i.
5
Let q = 2260 + -2249. Calculate the remainder when 138 is divided by q.
6
Suppose -z = -2*z + 1. What is the remainder when 17 is divided by ((-2 - 9)/(-1))/z?
6
Let x(k) = -k - 7. Let z be x(-14). Suppose -4*j + z*j - 18 = 0. What is the remainder when 9 is divided by (j/(-7))/(6/(-21))?
0
Le